{"id":697,"date":"2023-11-01T23:11:53","date_gmt":"2023-11-01T23:11:53","guid":{"rendered":"https:\/\/academy.invisual.pt\/?page_id=116"},"modified":"2024-01-29T10:10:17","modified_gmt":"2024-01-29T10:10:17","slug":"metalurgia-e-metalomecanica","status":"publish","type":"page","link":"https:\/\/cursos.meivcoreacademy.com\/index.php\/metalurgia-e-metalomecanica\/","title":{"rendered":"Metalurgia e Metalomec\u00e2nica"},"content":{"rendered":"<p class=\"txt\">A forma\u00e7\u00e3o na \u00e1rea Metalurgia e Metalomec\u00e2nica (521) enquadra programas de forma\u00e7\u00e3o em metalurgia e metalomec\u00e2nica que dizem respeito ao planeamento, concep\u00e7\u00e3o, desenvolvimento, produ\u00e7\u00e3o e controlo de m\u00e1quinas, instala\u00e7\u00f5es e sistemas mec\u00e2nicos, bem como produtos met\u00e1licos.<\/p>\n<p class=\"txt2\">Caldeiraria, Engenharia Metal\u00fargica, Fundi\u00e7\u00e3o e moldagem de Metais, Hidr\u00e1ulica, Maquina\u00e7\u00e3o de Metais, Mec\u00e2nica, Mec\u00e2nica de Precis\u00e3o, Pneum\u00e1tica, Serralharia, Siderurgia, Soldadura e Trabalhos de forja.<\/p>\n","protected":false},"excerpt":{"rendered":"<p>A forma\u00e7\u00e3o na \u00e1rea Metalurgia e Metalomec\u00e2nica (521) enquadra programas de forma\u00e7\u00e3o em metalurgia e metalomec\u00e2nica que dizem respeito ao planeamento, concep\u00e7\u00e3o, desenvolvimento, produ\u00e7\u00e3o e controlo de m\u00e1quinas, instala\u00e7\u00f5es e sistemas mec\u00e2nicos, bem como produtos met\u00e1licos. Caldeiraria, Engenharia Metal\u00fargica, Fundi\u00e7\u00e3o e moldagem de Metais, Hidr\u00e1ulica, Maquina\u00e7\u00e3o de Metais, Mec\u00e2nica, Mec\u00e2nica de Precis\u00e3o, Pneum\u00e1tica, Serralharia, Siderurgia, [&hellip;]<\/p>\n","protected":false},"author":1,"featured_media":742,"parent":0,"menu_order":0,"comment_status":"closed","ping_status":"closed","template":"","meta":{"footnotes":""},"class_list":["post-697","page","type-page","status-publish","has-post-thumbnail","hentry"],"_links":{"self":[{"href":"https:\/\/cursos.meivcoreacademy.com\/index.php\/wp-json\/wp\/v2\/pages\/697","targetHints":{"allow":["GET"]}}],"collection":[{"href":"https:\/\/cursos.meivcoreacademy.com\/index.php\/wp-json\/wp\/v2\/pages"}],"about":[{"href":"https:\/\/cursos.meivcoreacademy.com\/index.php\/wp-json\/wp\/v2\/types\/page"}],"author":[{"embeddable":true,"href":"https:\/\/cursos.meivcoreacademy.com\/index.php\/wp-json\/wp\/v2\/users\/1"}],"replies":[{"embeddable":true,"href":"https:\/\/cursos.meivcoreacademy.com\/index.php\/wp-json\/wp\/v2\/comments?post=697"}],"version-history":[{"count":1,"href":"https:\/\/cursos.meivcoreacademy.com\/index.php\/wp-json\/wp\/v2\/pages\/697\/revisions"}],"predecessor-version":[{"id":744,"href":"https:\/\/cursos.meivcoreacademy.com\/index.php\/wp-json\/wp\/v2\/pages\/697\/revisions\/744"}],"wp:featuredmedia":[{"embeddable":true,"href":"https:\/\/cursos.meivcoreacademy.com\/index.php\/wp-json\/wp\/v2\/media\/742"}],"wp:attachment":[{"href":"https:\/\/cursos.meivcoreacademy.com\/index.php\/wp-json\/wp\/v2\/media?parent=697"}],"curies":[{"name":"wp","href":"https:\/\/api.w.org\/{rel}","templated":true}]}}